 hundreds digit of 4452960?
9
What is the units digit of 669226?
6
What is the tens digit of 10038730?
3
What is the thousands digit of 637043?
7
What is the ten thousands digit of 627555?
2
What is the hundreds digit of 5119512?
5
What is the hundred thousands digit of 1294493?
2
What is the tens digit of 6208137?
3
What is the thousands digit of 77088?
7
What is the hundred thousands digit of 303000?
3
What is the millions digit of 2805628?
2
What is the thousands digit of 67747?
7
What is the ten thousands digit of 15963545?
6
What is the ten thousands digit of 156412?
5
What is the hundreds digit of 487181?
1
What is the hundred thousands digit of 17679034?
6
What is the hundreds digit of 311284?
2
What is the tens digit of 1092202?
0
What is the thousands digit of 1339029?
9
What is the units digit of 1350461?
1
What is the units digit of 424597?
7
What is the units digit of 22911054?
4
What is the hundred thousands digit of 304426?
3
What is the ten thousands digit of 183527?
8
What is the units digit of 9208919?
9
What is the ten thousands digit of 7175210?
7
What is the tens digit of 757610?
1
What is the ten thousands digit of 2750934?
5
What is the hundreds digit of 597559?
5
What is the hundreds digit of 222281?
2
What is the hundreds digit of 66829?
8
What is the thousands digit of 143317?
3
What is the millions digit of 2660024?
2
What is the hundreds digit of 524104?
1
What is the hundred thousands digit of 1960438?
9
What is the tens digit of 304958?
5
What is the ten thousands digit of 108626?
0
What is the hundred thousands digit of 632024?
6
What is the hundred thousands digit of 6096109?
0
What is the ten thousands digit of 64887?
6
What is the units digit of 7927478?
8
What is the tens digit of 17816516?
1
What is the hundred thousands digit of 903055?
9
What is the millions digit of 1184289?
1
What is the units digit of 8028003?
3
What is the hundred thousands digit of 4412315?
4
What is the ten thousands digit of 3949686?
4
What is the hundred thousands digit of 4682764?
6
What is the thousands digit of 92415?
2
What is the hundreds digit of 745199?
1
What is the tens digit of 636051?
5
What is the units digit of 27358361?
1
What is the millions digit of 9291251?
9
What is the hundreds digit of 992111?
1
What is the hundreds digit of 97538?
5
What is the thousands digit of 262465?
2
What is the units digit of 2015593?
3
What is the ten thousands digit of 362136?
6
What is the ten thousands digit of 108959?
0
What is the hundred thousands digit of 7416832?
4
What is the hundreds digit of 27930680?
6
What is the units digit of 544510?
0
What is the ten thousands digit of 89261?
8
What is the hundreds digit of 138085?
0
What is the thousands digit of 27111496?
1
What is the thousands digit of 3933904?
3
What is the hundreds digit of 2379501?
5
What is the units digit of 1344714?
4
What is the ten thousands digit of 9260816?
6
What is the hundred thousands digit of 4190530?
1
What is the ten thousands digit of 304893?
0
What is the tens digit of 26819?
1
What is the millions digit of 1033541?
1
What is the units digit of 5206615?
5
What is the units digit of 10337609?
9
What is the hundred thousands digit of 14558191?
5
What is the thousands digit of 2532860?
2
What is the thousands digit of 396759?
6
What is the units digit of 15258877?
7
What is the tens digit of 7018412?
1
What is the hundred thousands digit of 429389?
4
What is the ten thousands digit of 5712348?
1
What is the tens digit of 158912?
1
What is the units digit of 108404?
4
What is the millions digit of 1902200?
1
What is the ten thousands digit of 7167761?
6
What is the millions digit of 22154302?
2
What is the units digit of 10140704?
4
What is the thousands digit of 262859?
2
What is the ten thousands digit of 30223?
3
What is the thousands digit of 1036335?
6
What is the ten thousands digit of 469773?
6
What is the ten thousands digit of 9260152?
6
What is the hundreds digit of 382181?
1
What is the ten thousands digit of 2717803?
1
What is the tens digit of 167138?
3
What is the tens digit of 392145?
4
What is the ten thousands digit of 1901504?
0
What is the tens digit of 21882520?
2
What is the thousands digit of 140196?
0
What is the units digit of 14314678?
8
What is the thousands digit of 192984?
2
What is the units digit of 3201237?
7
What is the hundreds digit of 44693?
6
What is the units digit of 88069?
9
What is the ten thousands digit of 5032966?
3
What is the hundreds digit of 105974?
9
What is the millions digit of 1785464?
1
What is the ten thousands digit of 8873041?
7
What is the thousands digit of 5946560?
6
What is the hundreds digit of 1718534?
5
What is the hundreds digit of 1222281?
2
What is the millions digit of 12544990?
2
What is the hundred thousands digit of 19358180?
3
What is the hundreds digit of 55569?
5
What is the tens digit of 2298410?
1
What is the ten thousands digit of 584096?
8
What is the ten millions digit of 13912499?
1
What is the hundreds digit of 2210854?
8
What is the ten millions digit of 11323903?
1
What is the hundred thousands digit of 27561619?
5
What is the ten thousands digit of 2252345?
5
What is the hundreds digit of 554876?
8
What is the hundred thousands digit of 368738?
3
What is the thousands digit of 2731662?
1
What is the thousands digit of 14321630?
1
What is the ten thousands digit of 6035638?
3
What is the hundred thousands digit of 1176617?
1
What is the millions digit of 2453089?
2
What is the units digit of 1710985?
5
What is the units digit of 7245761?
1
What is the ten millions digit of 18076334?
1
What is the ten thousands digit of 62550?
6
What is the thousands digit of 174851?
4
What is the tens digit of 137432?
3
What is the ten thousands digit of 187364?
8
What is the thousands digit of 22727034?
7
What is the tens digit of 1303958?
5
What is the millions digit of 1352307?
1
What is the units digit of 1623?
3
What is the hundreds digit of 7806627?
6
What is the tens digit of 5985144?
4
What is the units digit of 9791?
1
What is the ten thousands digit of 135605?
3
What is the units digit of 57351?
1
What is the units digit of 2175870?
0
What is the millions digit of 2612176?
2
What is the tens digit of 3039823?
2
What is the hundred thousands digit of 1260256?
2
What is the hundreds digit of 4619982?
9
What is the ten millions digit of 14544264?
1
What is the millions digit of 30162611?
0
What is the hundred thousands digit of 1033735?
0
What is the units digit of 2503050?
0
What is the thousands digit of 7352272?
2
What is the tens digit of 320310?
1
What is the ten thousands digit of 230658?
3
What is the thousands digit of 2305353?
5
What is the tens digit of 5096803?
0
What is the units digit of 28695858?
8
What is the thousands digit of 210427?
0
What is the thousands digit of 5129388?
9
What is the millions digit of 3933810?
3
What is the hundred thousands digit of 242323?
2
What is the tens digit of 328247?
4
What is the tens digit of 9477949?
4
What is the units digit of 950279?
9
What is the thousands digit of 53337?
3
What is the units digit of 2266532?
2
What is the units digit of 541896?
6
What is the thousands digit of 17134623?
4
What is the units digit of 1778376?
6
What is the thousands digit of 209842?
9
What is the units digit of 127058?
8
What is the tens digit of 2545123?
2
What is the thousands digit of 141873?
1
What is the millions digit of 17798418?
7
What is the hundreds digit of 242136?
1
What is the tens digit of 1504220?
2
What is the units digit of 3016584?
4
What is the thousands digit of 6768956?
8
What is the units digit of 605862?
2
What is the hundred thousands digit of 1442272?
4
What is the ten thousands digit of 121777?
2
What is the hundred thousands digit of 106938?
1
What is the ten thousands digit of 439285?
3
What is the hundred thousands digit of 2036653?
0
What is the hundred thousands digit of 805632?
8
What is the thousands digit of 29066?
9
What is the millions digit of 2266393?
2
What is the millions digit of 3536856?
3
What is the units digit of 58119?
9
What is the thousands digit of 13951592?
1
What is the thousands digit of 4044269?
4
What is the millions digit of 4123737?
4
What is the ten thousands digit of 253144?
5
What is